f 275 and u?
25
Let l(x) = x**3 + x**2 - 2*x + 28. Let q(b) = 2*b - 13. Let s be q(-9). Let i = s + 31. Let y be l(i). Calculate the greatest common factor of y and 4.
4
Let o(j) = j**3 - 14*j**2 - 6*j - 30. Let l be o(15). Let k be ((-180)/l)/(6/(-56)). Calculate the highest common factor of 1 and k.
1
Let a be (2/(-1) - 1)*1/3. Let g be -5 - (-15)/(4 - a). Let p be 19 - (-4 - g) - 2/(-1). Calculate the highest common factor of 46 and p.
23
Let r(v) = v**2 + 4*v + 13. Let m be r(-11). Let c be (-18)/(-27) - 106*2/(-6). Calculate the highest common divisor of c and m.
18
Let a(z) = 9*z**2 + 398*z - 157. Let p be a(-62). Calculate the highest common factor of 13 and p.
13
Suppose -5*v + 4 = -26. Let n be (-4364)/(-8) - (-3)/v. What is the highest common factor of 78 and n?
78
Suppose 0 = 30*m + 261*m - 2247975. Calculate the highest common divisor of m and 75.
75
Let d(m) = m**2 + 17*m + 20. Let x be d(-16). Suppose -126 + 123 = -3*q. Calculate the highest common factor of x and q.
1
Let p be 321/3 + (2 - 5). Suppose j + 24 = 5*x - 71, -4*x + 3*j + 87 = 0. Suppose x*d = 23*d - 65. Calculate the highest common factor of d and p.
13
Let y be 18/72 + (-7 - (-1766)/8). Calculate the greatest common factor of y and 4.
2
Suppose 3*u - 117 - 38 = 4*l, -4*u + 4*l + 208 = 0. What is the greatest common divisor of 1219 and u?
53
Let s = 998 + 2443. Calculate the highest common factor of s and 222.
111
Let d(g) = 3*g**2 - 59*g + 863. Let p be d(24). Calculate the greatest common divisor of p and 188.
47
Let a(j) = j**3 - 7*j**2 + 40*j - 158. Let z be a(6). What is the highest common divisor of 6394 and z?
46
Let r = 1176 - 1168. Let w(b) = 6*b**2 - 14*b + 32. Let j be w(9). What is the greatest common factor of r and j?
8
Suppose 14*k = 19*k + 260. Suppose 15*w - 14*w + 72 = 0. Let n = k - w. Calculate the highest common factor of n and 160.
20
Let d = -38 + 230. Suppose -6*c = -2*c - 5*i - 212, -5*i = -5*c + 260. Calculate the greatest common factor of c and d.
48
Let m(q) = 12527*q - 975. Let c be m(1). Calculate the highest common factor of c and 38.
38
Suppose 6052 + 8416 = 4*d + 8*j, 4*d - 14533 = 5*j. Calculate the highest common factor of 156 and d.
39
Suppose -11*k + 34632 = -35071 - 27955. What is the greatest common divisor of 23 and k?
23
Suppose -1728 = 295*d - 301*d. What is the greatest common factor of d and 224?
32
Suppose -85 + 392 = -5*z + 4*m, 0 = 5*z + 2*m + 319. Let n = -35 - z. Calculate the highest common divisor of n and 518.
14
Let a(q) = -118*q + 6. Let n be a(-6). Let w(t) = 3*t**3 - 218*t**2 + 360*t - 313. Let b be w(71). Calculate the highest common divisor of n and b.
42
Suppose 0 = -30*v + 24*v + 3594. Suppose a = -5*j - 2*a + v, -3*j = -4*a - 371. What is the highest common divisor of j and 11?
11
Suppose -36*i - 537 = -2*h - 31*i, 5*h = -4*i + 1392. Let l be 47/4 + 2/8. Calculate the highest common divisor of h and l.
12
Suppose k + 559 - 543 = 0. Let o be (k/(-8)*-3)/(-2). Calculate the greatest common divisor of 93 and o.
3
Let d(i) = 767*i**2 - 46*i + 47. Let p be d(1). What is the greatest common divisor of p and 252?
12
Suppose 129*k = 100*k + 1276. Calculate the highest common factor of k and 52.
4
Let y(c) = 12*c**2 - 1. Let t be y(2). Suppose 13*o = 469 + 103. Let n = o - -97. Calculate the highest common factor of t and n.
47
Let f = 8143 + -8061. Let z(q) = -q**3 - 7*q**2 - 6*q + 4. Let o be z(-6). Calculate the greatest common factor of f and o.
2
Let r(k) = 3354*k - 382. Let g be r(1). Calculate the greatest common factor of 16 and g.
4
Suppose -4 = -i + 10. Let h(k) = -k**3 + 17*k**2 - 23*k + 7. Let o = 528 - 513. Let s be h(o). Calculate the highest common factor of s and i.
14
Suppose -a + 81 = -i, -2*i - 2 = -4. Suppose 19188 = 16444*f - 16418*f. What is the highest common factor of a and f?
82
Let w(b) = b**2 + 2*b. Let i be w(-11). Let a = -46 + 68. Let k be a*4*(-4)/(-32). What is the greatest common divisor of k and i?
11
Let g(k) = 4*k**2 - 85*k + 81. Let s be g(24). What is the highest common factor of 1335 and s?
15
Let a = 21 - -6. Suppose 148*n + 2*z - 158 = 142*n, -2*n - 2*z + 50 = 0. Calculate the highest common factor of n and a.
27
Suppose 4*f = -4*a - 564, 2*f = 5*f + 6. Let u = a + 157. Calculate the highest common factor of u and 45.
9
Suppose -g + 2*j + 226 = -0*j, 2*j = 5*g - 1162. What is the greatest common divisor of g and 1950?
78
Suppose l - 33 = 2*m, 3*l + 2*m = l + 48. Let w = -8 - -13. Suppose w*p - 2*h = h + 555, 118 = p - 2*h. What is the greatest common factor of l and p?
27
Let k be 3/((-54)/96)*(-12)/1. Suppose -4*w = -4*j - 144, -w + 2*j - k = -3*w. Calculate the highest common factor of 51 and w.
17
Suppose k - 35 = -f, 10*f - 12*f + 79 = 5*k. Suppose -f*o = -3*o - 1479. Calculate the highest common divisor of o and 68.
17
Suppose -20*i = -25*i + 350. Suppose -14*a + 5*o = -19*a + i, 2*o - 58 = -5*a. Calculate the greatest common factor of 10 and a.
10
Let t be 11/(-22)*(1 - 1) - -3. Suppose t*w + 17 + 341 = p, 0 = -3*p + 5*w + 1054. Calculate the greatest common factor of 49 and p.
49
Let i = 6279 + 3196. Calculate the greatest common factor of 125 and i.
25
Suppose -5801 = -153*g + 1531 + 3072. What is the highest common factor of 2516 and g?
68
Let a be -7*9/315*-5 + 41. What is the highest common factor of 315 and a?
21
Let h be (-2)/(-3) + (2 + -3 - 13015/(-57)). What is the greatest common divisor of 2850 and h?
114
Suppose 7*g = -96 + 712. Suppose -g = -206*f + 205*f. Let p = 18 - 7. What is the greatest common divisor of p and f?
11
Let w be (-34)/289 - (-268)/(-34). Let y = -3 - w. Suppose -2*o - 10 = -4*x, 2*o = -x - x + 20. Calculate the highest common factor of o and y.
5
Suppose -4*g + 9 - 349 = 0. Let x = 69 - g. Let v be (22/(-3) - -12)/((-5)/(-15)). What is the greatest common divisor of v and x?
14
Let f = -893 - -1709. What is the highest common factor of 144 and f?
48
Suppose 4*c - 7*x - 1998 = -10*x, 4*x - 1014 = -2*c. What is the highest common divisor of c and 315?
45
Let o be ((-87)/4)/((-1)/28). Suppose -35*m + 168 = -847. What is the highest common divisor of o and m?
29
Let k be 5/60 - 98390/(-120). What is the greatest common divisor of k and 15?
5
Let j = -9 + 25. Suppose 301 = -9*u + j*u. Let o = u - 32. Calculate the greatest common divisor of 121 and o.
11
Let g = -6488 + 6572. What is the greatest common factor of 7224 and g?
84
Suppose 0 = -21*m - 0 + 210. Calculate the highest common factor of 4310 and m.
10
Suppose 80*f - 140*f = -7800. Let l = -4 + 8. Suppose 13 = l*v - 27. What is the greatest common factor of v and f?
10
Let o = -35 + 50. Suppose -s + 38 = o. Let h = s - 13. What is the highest common factor of 30 and h?
10
Let i be -5*(-18)/21*7. Let v = 23 - 21. Let j be ((-12)/8)/(-1 - (-1)/v). Calculate the greatest common factor of i and j.
3
Let b be 3/((-1)/(-26) + 0). Let m(w) = w**3 - 9*w**2 - 34*w - 1. Let g be m(14). Let f = -477 + g. What is the highest common divisor of b and f?
26
Let u be ((-515)/(-10))/((-2)/(-4)). Let w = 56943 + -56840. Calculate the highest common divisor of w and u.
103
Suppose -71758 = -8*p - 24478. Calculate the greatest common factor of 30 and p.
30
Suppose 6*y + 32 = -2*y. Let a be 26512/64 + y/(-32)*-2. What is the greatest common factor of 184 and a?
46
Let q = 176 + -51. Suppose q = 3*y - 127. Suppose t - y = -2*t. Calculate the greatest common factor of t and 42.
14
Suppose 0 = 45*y - 39*y - 816. Let d be ((1 - 1) + 2)*y. Calculate the highest common factor of 16 and d.
16
Suppose 60*t - 2863 - 2795 = 14*t. Calculate the highest common divisor of t and 6519.
123
Let x be ((-15)/(-4))/((-6)/(-560)). Suppose 9*p + 993 = -1239. Let l = p + x. Calculate the highest common factor of 68 and l.
34
Suppose p - 11 = -7. Suppose a = -p*a - 325. Let u = a + 76. Calculate the highest common factor of u and 33.
11
Let g = -99 + 144. Let z be 5415/g - 4/(-6) - 1. What is the highest common factor of 8 and z?
8
Suppose 76*n + 171*n = 38704 + 45523. What is the highest common factor of 9207 and n?
341
Suppose -16*l = -13*l - 6. Suppose 0 = -2*b + 4*t + l - 10, -2*t + 8 = -3*b. Let i be b - (-135)/3 - (3 - 0). What is the highest common factor of i and 100?
20
Let x(s) = -114*s + 77. Let q be x(3). Let b 